 h(0). Suppose 0*l = -4*l + 36. What is the greatest common divisor of j and l?
9
Let s = 354 - 340. Calculate the greatest common factor of 434 and s.
14
Let l = 350 - 290. What is the greatest common factor of l and 1170?
30
Let v = -94 - -150. Calculate the greatest common divisor of v and 16.
8
Suppose 7*d + 89 = 215. Calculate the highest common divisor of d and 30.
6
Let i be 8 + (434 - -10 - -10). Calculate the highest common divisor of i and 198.
66
Let b(k) = 2*k - 39. Let r(p) = -3*p + 4. Let x be r(-7). Let q be b(x). What is the greatest common divisor of 88 and q?
11
Let x = -4 - -7. Suppose x = 2*q - 7. Suppose f + 2*f - 224 = 2*n, -f + 92 = -q*n. What is the highest common factor of 48 and f?
24
Let w = -24 + 24. Suppose w*u + 2*u = 24. Calculate the highest common divisor of 18 and u.
6
Let x be (-1 + 97)*(-14)/(-8). Suppose -9*y + 114 = -37 - 65. What is the highest common divisor of x and y?
24
Suppose -4*c = -13 - 3. Suppose 14 = c*v - 22. Let d be (-6)/27*-3*v. Calculate the highest common divisor of d and 66.
6
Let z = 58 + -48. Let o(q) = -3*q - 17. Let s be o(-9). Calculate the greatest common factor of s and z.
10
Let i(b) = -4*b**2 + 0*b**2 + 2*b**2 - 5*b**2 - b**3 - 12*b - 6. Let c be i(-5). What is the highest common factor of c and 16?
4
Let t = 39 - -9. Let u = -58 + 89. Let l = u + -15. What is the highest common divisor of t and l?
16
Let x = 72 + 28. What is the greatest common divisor of x and 75?
25
Let h(p) = 84*p - 27 - 46*p - 49*p. Let n be h(-18). What is the greatest common divisor of n and 19?
19
Let k(c) = 6*c + 140. Let m be k(-23). Let j = -20 - -83. Suppose w = -m*w + j. What is the greatest common factor of w and 21?
21
Let d be 3/(-12) - 21/(-4). Let a be 2 + -2 - (d - 6). Suppose 5*g = 51 - a. Calculate the highest common divisor of g and 110.
10
Suppose 1731 = 70*z - 789. Let r = -10 - -4. Let b(d) = -d**3 - 5*d**2 + 5*d + 3. Let w be b(r). Calculate the greatest common factor of w and z.
9
Let y be 126*(6 - (-112)/(-21)). What is the greatest common divisor of 672 and y?
84
Let w = -2 - -3. Let s(c) = c + 9. Let g be s(-9). Suppose g = 12*b - 4*b - 8. Calculate the greatest common factor of w and b.
1
Suppose -3*d = -d - 20. Let w(t) = 4*t**2 + 117*t - 332. Let p be w(-32). Calculate the highest common factor of p and d.
10
Let n = 993 + -408. Calculate the highest common factor of 18 and n.
9
Let j be (-170)/(-17)*(-230)/(-25). Calculate the highest common factor of 161 and j.
23
Suppose -4*k - 5*n = -229, 2*k + 3*k - 280 = -5*n. What is the highest common factor of k and 68?
17
Let p = -91 + 85. Let d be p/(-6)*(-3 + 21). What is the highest common factor of 6 and d?
6
Let c = -130 - -139. Let f(j) = j**2 - 5*j + 1. Let r be f(5). Calculate the greatest common factor of r and c.
1
Let g = -789 - -953. What is the highest common factor of 287 and g?
41
Let t be -1*(-2 - -1) + -2. Let i be -10 - -9 - t/1. Suppose 28 = -3*f + 5*f + 5*z, -f - 3*z + 15 = i. What is the greatest common factor of f and 45?
9
Let t = 67 - 27. Suppose -5*y + t = 4*n, 5*n - n - y = 40. Calculate the highest common divisor of 1 and n.
1
Let v be 1/5 - (-3918)/10. Suppose -84*q - 343 = -41*q - 50*q. What is the highest common factor of q and v?
49
Let z = 174 - 279. Let j = z + 155. What is the greatest common divisor of j and 10?
10
Let f = 851 + -507. Calculate the highest common factor of 43 and f.
43
Suppose -5*z = -3*l - 443 - 599, 207 = z - 2*l. Let t be ((-152)/16)/(13/(-26)). What is the greatest common factor of z and t?
19
Let s = -22 - -56. Suppose 0 = -y - b + s, -b = -y + 3*b + 24. Calculate the highest common factor of y and 8.
8
Let v(c) = -2*c**2 + 28*c - 7. Let a be v(13). Suppose -663 - a = -2*u. What is the highest common factor of 31 and u?
31
Let p(j) = -9*j**3 + 4*j**2 + 4*j + 3. Let o be p(-3). Calculate the highest common factor of 10 and o.
10
Let a(s) = -2*s + 2. Let b be a(-1). Suppose -b*m - 10 - 222 = 0. Let o = m - -100. Calculate the highest common divisor of 6 and o.
6
Suppose 5*z - 317 = -3*d, -293 = -2*d - d + z. Let v be 172/22 + 28/154. Let f = 19 - v. Calculate the greatest common divisor of d and f.
11
Let z(x) = 2*x - 77. Let b be z(30). Suppose -o = -4*t + 84, t - 22 = -o - 6. Let s = b + t. Calculate the highest common divisor of 21 and s.
3
Suppose -140 - 112 = -7*a. What is the highest common divisor of a and 846?
18
Suppose -3*n + 1675 = -4*v, n - 5*v + 2254 = 5*n. Calculate the greatest common factor of 51 and n.
51
Let j be 227 - (2 - -4)*6/18. What is the highest common divisor of 25 and j?
25
Let a = 15 - 10. Let q(z) = -z**2 + 6*z + 3. Let h be q(a). Let f = -112 - -124. What is the highest common divisor of h and f?
4
Let t be (-3)/6*(-6 - 0). Suppose 2*a = -2*c + 20, -c + 25 = t*a + c. What is the greatest common factor of 2 and a?
1
Let m(l) = 22*l**3 - 3*l**2 - 2*l + 1. Let y be m(-2). Suppose -5*u = -46 - 44. Let k be 1/(-6) - y/u. What is the highest common factor of k and 40?
10
Let w = 198 + -68. Suppose -126 = -3*j + 30. What is the highest common factor of j and w?
26
Let c be ((-108)/24 - -4)/(1/(-748)). What is the highest common factor of 55 and c?
11
Let q be -5 + (12 - 12 - -47). Let z = 4 - 8. Let l be z/14 + 200/14. What is the greatest common factor of l and q?
14
Let o be (-117)/(-7) + 2/7. Suppose 9*y = 27*y - 126. Suppose o + y = f. What is the greatest common divisor of f and 16?
8
Let c = -121 - -163. Suppose -5*d + 0*d + 1046 = -2*u, 2*d - 426 = -3*u. What is the highest common factor of c and d?
42
Suppose 77 = 4*o - 19. What is the highest common factor of 40 and o?
8
Let n(s) = 65*s**2 - 31*s + 97. Let f be n(3). What is the highest common factor of 19 and f?
19
Let f(d) = -d**2 - 7*d - 3. Let s(j) = j. Let i(k) = f(k) - s(k). Let q be i(-7). Let b be (q + 19)/(0 + 1). Calculate the greatest common divisor of 161 and b.
23
Let p be 0*(-1 + (-4)/(-2)). Let v be ((0/4)/3 - p) + 4. What is the highest common factor of v and 20?
4
Let g(k) = -k**2 - 9*k - 5. Let u be 1/3 - 10/30. Suppose -f = -2, 5*j - j - 3*f + 38 = u. Let a be g(j). Calculate the greatest common divisor of a and 12.
3
Let b be ((-17)/(-51))/(-3 + (-6526)/(-2175)). Calculate the highest common divisor of 25 and b.
25
Let y = 157 + -87. What is the greatest common divisor of 14 and y?
14
Suppose -p - 2*p = a - 15, -5*a - 4*p + 97 = 0. Let b be 297/7 + (-9)/a. Let c(n) = 2*n + 2. Let s be c(2). Calculate the highest common factor of s and b.
6
Let d = 1721 + -1665. What is the highest common factor of d and 1260?
28
Let k(x) = -x + 5. Let v be k(7). Let c be v*(-13)/(13/80). Calculate the highest common divisor of 32 and c.
32
Let c be 27 - -5 - (-3 + 3). Let o = c - 14. What is the greatest common factor of 18 and o?
18
Suppose 1124 + 126 = -5*z. Let p be z/(-3) + (-10)/(-15). Let a = p - 15. What is the highest common divisor of a and 23?
23
Let y(s) = -s**3 + 7*s**2 - 4*s + 12. Let m be y(5). What is the greatest common factor of 105 and m?
21
Let y be (-320760)/(-1122) + -1 + 38/34. Calculate the greatest common factor of 26 and y.
26
Let y(z) = 34*z - 284. Let v be y(26). What is the greatest common divisor of 24 and v?
24
Let j be 2/(-7) - 138/(-42). Let y be 4*j/3 + 81. What is the greatest common divisor of 17 and y?
17
Let i be (-4 + 10)*-27*2/(-4). Calculate the highest common factor of 81 and i.
81
Suppose 71*p - 610 = 66*p. Calculate the highest common divisor of p and 671.
61
Let t be (7 - 4/8)*2. Calculate the highest common divisor of 117 and t.
13
Let l be 1 + -3 + 15 + -1. Let m be 6/(-15)*77*-5. Let g = m - 70. Calculate the greatest common factor of l and g.
12
Let w = 3 - 0. Let n be 63 + -4 + (w - 1). Let z = n - 41. What is the highest common divisor of z and 80?
20
Let o = 176 + -150. Calculate the highest common divisor of 26 and o.
26
Let q = -21 + 39. Suppose q + 22 = 2*p. What is the highest common factor of p and 5?
5
Let g(d) = -d**3 + 8*d**2 + 32*d - 3. Let l be g(7). What is the greatest common factor of l and 60?
30
Suppose 5*i = 5*o + 10, 5*i + 5*o = i + 8. Let w be -1 - (i + 3/(-3))*-23. What is the highest common factor of w and 242?
22
Let n be 1348/16 - (-6)/(-24). Suppose -3*r = 5*h + 24 - n, -4*r = -h - 57. What is the greatest common factor 